 factors of n(v)?
2, 3
Let c be -4 + 2/(-6)*0. Let z(d) = -2*d. List the prime factors of z(c).
2
Let u(p) = p + 127. List the prime factors of u(0).
127
What are the prime factors of (-6 - 0)/(1 + (-105)/99)?
3, 11
Suppose -f + 2*h = 2*f + 9, f - h + 2 = 0. Let o be (48/10)/(-2)*-5. Let t = o - f. What are the prime factors of t?
17
What are the prime factors of ((-2)/(-4))/((-1)/16*-2)?
2
Suppose -144 = -16*b + 15*b. List the prime factors of b.
2, 3
Let r be 9/3 - (-4)/(-4). Suppose 0 = u - 3, -v + r*u = -2*u. What are the prime factors of v?
2, 3
Suppose 5*y = 3*v - 71 - 76, 5*y = -4*v + 161. List the prime factors of v.
2, 11
Let c = -1 - -4. Suppose -4 = -c*q + 26. What are the prime factors of q?
2, 5
List the prime factors of 1/(-1)*1 - -11.
2, 5
Let v(r) = r**3 - 7*r**2 + 10*r - 9. Let k(w) = 3*w**3 - 22*w**2 + 31*w - 27. Let m(l) = -3*k(l) + 8*v(l). What are the prime factors of m(8)?
3, 11
Suppose -5*s + 5*c = -602 - 483, 2*c = 3*s - 650. What are the prime factors of s?
2, 3
Let q(p) = p**3 - 6*p**2 + 6*p. Let z be q(5). Suppose 3*h = -0*w - z*w + 132, -w = 4*h - 23. Suppose 0 = 5*t - 13 - w. List the prime factors of t.
2
Suppose 4 + 12 = 4*c. Let i = -7 + c. What are the prime factors of 80/6 - i/(-9)?
13
Let i be ((-44)/(-16))/((-1)/(-16)). Suppose i = 2*o - o. List the prime factors of o.
2, 11
Let w = 91 + -139. Let g = w - -93. What are the prime factors of g?
3, 5
Let t(g) = 0*g**2 - 1 - 3*g + 1 - 2 + g**2. List the prime factors of t(4).
2
Suppose 307 = 5*t + 3*j, 291 = 7*t - 2*t - j. What are the prime factors of t?
59
List the prime factors of ((-14)/49 - 2556/21)/(-2).
61
Let l = -205 - -331. What are the prime factors of l?
2, 3, 7
Suppose 2*z = 3*v + 119, 5*v - 293 = -4*z - 0*v. What are the prime factors of z?
67
Let h be 39/9 + 2/3. Let i be -2 - h*-1 - 1. What are the prime factors of i/6*3 - -5?
2, 3
Let g = 6 + -3. Suppose -33 + 0 = -g*v. List the prime factors of v.
11
Let k(j) = 4*j**2 - 2*j - 1. Let d be k(-1). Let m(v) = v**3 - 4*v**2 - v - 7. List the prime factors of m(d).
13
Let w(z) = 0 - 6 + 10 - 16*z. List the prime factors of w(-2).
2, 3
Let y = 38 + 2. What are the prime factors of y?
2, 5
Let a(y) = -y - 2. Let r(q) = q - 1. Let g be r(-2). Let c be a(g). Suppose x = -c + 9. List the prime factors of x.
2
What are the prime factors of (4 - (-98)/(-21))/(1/(-216))?
2, 3
Let b(y) = y**2 - 11*y - 3. Let t be b(11). Let w = t - -16. What are the prime factors of w?
13
Let l(f) = f**2 - f + 4. Let h be l(0). Let c = h + -3. Suppose -a = -c - 7. What are the prime factors of a?
2
Let w = 199 - 2. List the prime factors of w.
197
Suppose -2*l + 5*l - 9 = 0. Suppose 20 = -0*x + 5*x. Suppose -v = -x - l. What are the prime factors of v?
7
Let f(t) = -3*t + 23. Let p be f(-16). Suppose -5*i + p - 11 = 0. List the prime factors of i.
2, 3
Let m = -2 - -4. Let x(h) = h**3 + 9*h**2 + 6*h - 10. Let p be x(-8). Suppose 5*g - p = m*g. List the prime factors of g.
2
Let y = 15 - 6. Suppose -3*h = 3*i - 3, y + 23 = 4*i - 3*h. List the prime factors of i.
5
Let k(b) = 7*b + 2. Let t be k(3). Let v = t + -2. What are the prime factors of v?
3, 7
Let p(m) = 3*m + 4*m - 3*m + 0*m - 5. Let c be p(4). Suppose 0 = -0*u + u + 4*w - c, -2 = -2*w. List the prime factors of u.
7
Let y = -559 + 981. What are the prime factors of y?
2, 211
Suppose 13*v = 12*v + 78. List the prime factors of v.
2, 3, 13
Let h(n) be the second derivative of n**5/20 + n**3/2 - 3*n**2/2 + 2*n. What are the prime factors of h(2)?
11
Suppose m + 0*m - 5 = 0. Suppose 6*h = 2*h - l + 3, -m*h - l = -5. Suppose -i - 2*i = c + 2, -h*i - 8 = -c. List the prime factors of c.
2
Let i(h) = -1 - 16*h - 3 + 2 + 1. Let r be i(-1). Suppose 4*c - 2*n - 46 = 0, -3*c + n + r = -17. List the prime factors of c.
3
List the prime factors of (110/(-25))/(3/(-15)).
2, 11
Let u(a) = -2*a + 0*a**2 + 1 - 2*a + 2*a**2. List the prime factors of u(3).
7
Suppose -5*v = 4*j - 21, 0*v - j = 3*v - 7. List the prime factors of 6*v*15/10.
3
Let w = 4 + -16. List the prime factors of w/(-8)*(13 + -1).
2, 3
Suppose -41 = 5*a - 6*a. Let r(h) = h**3 - 5*h**2 - 5*h - 4. Let f be r(5). Let y = f + a. What are the prime factors of y?
2, 3
Let u(x) = -4 + 2 + 3 + 4*x + 4. List the prime factors of u(3).
17
Let z(j) = j**3 + 13*j**2 - 9*j + 35. What are the prime factors of z(-13)?
2, 19
List the prime factors of (186/10 - 3)/((-2)/(-30)).
2, 3, 13
Let l = 7 - -23. What are the prime factors of l?
2, 3, 5
Suppose 0 = 3*v - v + 84. Let c = -27 - v. List the prime factors of c.
3, 5
Let h = 5 - 14. List the prime factors of 6/h + 24/9.
2
Let x = 20 - -18. What are the prime factors of x?
2, 19
Let p = 30 + 7. What are the prime factors of p?
37
Let l = 3 + -1. Suppose -h - c = 3*h - 8, -5*c - 14 = 2*h. Suppose -l*i + i + 16 = h*a, 0 = a - i. List the prime factors of a.
2
Let m = -30 + 53. List the prime factors of m.
23
Let j(p) = -3*p - 3. Let h be j(-2). Let y be 5*1 + (3 - h). Let o = y - 3. What are the prime factors of o?
2
Suppose 37 = -3*w - 14. Let p = -9 - w. List the prime factors of p.
2
Suppose 3*o - 160 = -o. Suppose 3*u = u + o. What are the prime factors of u?
2, 5
Suppose 0 = p - 2*d - 15, -4*p + 15 = -0*d + d. Suppose 128 = 5*k - 2*o - 44, 5*k - 160 = p*o. List the prime factors of k.
2, 3
Let l(i) = 4*i**3 - 2*i**2 - 3*i - 10. What are the prime factors of l(5)?
5, 17
Let s(u) = u + 2. Let l be s(-6). Let y be 6/9 + l/(-3). Suppose y*h - 45 = -3*h. List the prime factors of h.
3
Let f = -122 - -129. List the prime factors of f.
7
Suppose -g + 2 + 3 = 0. What are the prime factors of (-22)/(-3) - g/15?
7
Suppose -4*b + 12 + 4 = 0. Let k = 2 - b. Let u(d) = 3*d**2. What are the prime factors of u(k)?
2, 3
Let r(w) = -w**3 + 8*w**2 + w - 7. Let j be r(8). Let h be (-2)/j + 4/1. What are the prime factors of (h + 6/(-4))*24?
2, 3
Let t(v) = 4*v + 2 - v - 2*v - 4*v**2. Let k be t(-2). Let j = -11 - k. What are the prime factors of j?
5
Let v(r) = 3*r + 4. Let d(o) = 4*o + 5. Let y(c) = -5*d(c) + 6*v(c). Let f be y(-1). List the prime factors of (8/10)/(f/5).
2
Suppose 0 = -4*o - o + 160. What are the prime factors of o?
2
Let d = 356 + -250. What are the prime factors of d?
2, 53
Suppose p - 14 = 3*o, -o - p = 3*p + 22. What are the prime factors of (-2)/(-3)*(-297)/o?
3, 11
Let u(w) = 12*w**2 - 1. Suppose -4*d + 8*d = 4. What are the prime factors of u(d)?
11
Let d(i) = -i**3 + 5*i**2 + 9*i - 9. Let g(m) = -2*m - 6. Let s be g(-6). List the prime factors of d(s).
3
Suppose 0 = -5*u - 5, 4*u - 3*u + 157 = 3*c. List the prime factors of c.
2, 13
Suppose 0 = -5*m - 33 + 13. Let t = 2 + m. Let z = t - -4. List the prime factors of z.
2
Suppose 0*b = -b. What are the prime factors of -5*(b + -2) + -2?
2
Let s be (1 - 2)/1 - 5. Let f = 19 - 7. Let m = f + s. What are the prime factors of m?
2, 3
What are the prime factors of (-1)/2 + 35*(-6)/(-4)?
2, 13
Let d(m) = m**2 - 6*m - 4. Let w be d(6). What are the prime factors of (18/w)/(4/(-24))?
3
Let c(h) = -h - 12. Let f be c(0). Let z = f + -15. Let u = -15 - z. What are the prime factors of u?
2, 3
What are the prime factors of 4/8*6*9?
3
Suppose -2*n + 6 = -46. What are the prime factors of n?
2, 13
Let n(g) = 4*g**2 - 10*g + 5. Let t(k) = -11*k**2 + 30*k - 16. Let i(c) = 8*n(c) + 3*t(c). Let m be i(8). Let s = m - 0. List the prime factors of s.
2
Let t(l) = l**2 + 8*l + 10. Let o be t(-7). Let s be 2 - (-2 - 0/o). Suppose 5*g - 64 = -s. List the prime factors of g.
2, 3
Suppose -2 - 1 = 3*j - 4*y, 4*j + 5*y = -35. What are the prime factors of (-68)/j - (-6)/15?
2, 7
Suppose 70 = -d + 3*d. What are the prime factors of d?
5, 7
Suppose 0 = -5*y + 431 - 86. What are the prime factors of y?
3, 23
Let r = -8 + 11. Suppose r*a - 31 = 71. List the prime factors of a.
2, 17
Let b = 3 + -4. Let j = b - -5. What are the prime factors of (j/10)/((-1)/(-30))?
2, 3
Let w(q) = 2*q**3 - 7*q**2 - 2*q - 9. What are the prime factors of w(7)?
2, 5
Let n(p) = p**2 - 2*p + 22. List the prime factors of n(14).
2, 5, 19
Suppose -2*k + 8 = 2*k. Suppose -100 = -3*b - k*b. What are the prime factors of b?
2, 5
Suppose -5*c = 5*y - 25, 0 = -4*c + 2*y + 4 + 10. Let l = c - 6. List the prime factors of (9/2)/(l/(-4)).
3
Suppose 0 = -m + 3*w - 0*w + 55, -4*